at is -27 + 76?
49
In base 7, what is -3 - 10?
-13
In base 12, what is -10 - -10b?
bb
In base 13, what is -a + 21?
14
In base 12, what is -5 - -394?
38b
In base 7, what is 2 - 5211?
-5206
In base 3, what is 1112 + -1221?
-102
In base 3, what is -1002 + -1?
-1010
In base 2, what is 10110001100 + -10?
10110001010
In base 3, what is -12200 - 1?
-12201
In base 13, what is -4 + 45?
41
In base 14, what is 3 - 697?
-694
In base 4, what is 2 + 30121?
30123
In base 10, what is 207 - 9?
198
In base 7, what is -510 - 5?
-515
In base 16, what is 1c + -1?
1b
In base 12, what is a - -15?
23
In base 11, what is -a - 0?
-a
In base 14, what is 1a + -a9?
-8d
In base 6, what is 0 - 20402?
-20402
In base 8, what is 3005 + -2?
3003
In base 13, what is 19 - 8?
11
In base 14, what is 6 - 136?
-130
In base 5, what is -222 + 3?
-214
In base 11, what is 1 - -1?
2
In base 14, what is -3d + 8?
-35
In base 2, what is 1001101110011101 - 0?
1001101110011101
In base 15, what is 11 - 5?
b
In base 4, what is 120 + -1031?
-311
In base 9, what is 23 + 2?
25
In base 15, what is -3b - -39?
-2
In base 12, what is -184 + -5?
-189
In base 8, what is -1515 - 0?
-1515
In base 11, what is 55 - 6?
4a
In base 13, what is 3 - b?
-8
In base 13, what is 759 + c?
768
In base 13, what is -a + -3?
-10
In base 15, what is -17 + 3?
-14
In base 3, what is 0 + -1011022?
-1011022
In base 11, what is -20 + -87?
-a7
In base 9, what is -223 + 1?
-222
In base 2, what is -1100011 - -10?
-1100001
In base 14, what is -1a - 11?
-2b
In base 3, what is -1021012 + -100?
-1021112
In base 2, what is 111111 + -1001111?
-10000
In base 12, what is -243 + a?
-235
In base 15, what is 45 - -5?
4a
In base 15, what is -a7 - -4?
-a3
In base 16, what is -2f - -2e?
-1
In base 14, what is 59 - -82?
db
In base 10, what is -4 + 586?
582
In base 4, what is -112 - 233?
-1011
In base 11, what is 1a - -154?
173
In base 14, what is -5a - 0?
-5a
In base 7, what is 3 - 552?
-546
In base 15, what is 4 + 548?
54c
In base 8, what is -2445 + 4?
-2441
In base 4, what is 11002 - 1?
11001
In base 7, what is 4 - 14?
-10
In base 8, what is 50110 - 4?
50104
In base 3, what is 211 - 12?
122
In base 4, what is 1132013 - -2?
1132021
In base 2, what is -101 - 101011?
-110000
In base 8, what is -343 + 45?
-276
In base 10, what is -40 - -6?
-34
In base 9, what is -1 + -62?
-63
In base 12, what is 379 - -6?
383
In base 8, what is 1165 + -1?
1164
In base 3, what is 20100 + -1012?
12011
In base 6, what is -5 - 33?
-42
In base 12, what is 21 + 84?
a5
In base 8, what is 16 + 15?
33
In base 10, what is -1 - -254?
253
In base 11, what is -101 + -4?
-105
In base 2, what is -1100 + -110?
-10010
In base 8, what is 36 + -16?
20
In base 16, what is -5c4 - 3?
-5c7
In base 8, what is -2 + 44?
42
In base 4, what is -101 + -23220?
-23321
In base 6, what is 5 + 110?
115
In base 6, what is 443 + -15?
424
In base 4, what is -2 - -3113?
3111
In base 14, what is 6 + -9?
-3
In base 3, what is -102101 - -11?
-102020
In base 4, what is -10 + 33?
23
In base 16, what is -23 + -2b?
-4e
In base 4, what is 10 + -201001?
-200331
In base 10, what is -23 - -147?
124
In base 11, what is -5 - -79?
74
In base 12, what is 6 + 21?
27
In base 12, what is -48 - 4b?
-97
In base 11, what is 71 - -5?
76
In base 6, what is 1045 + 2?
1051
In base 4, what is 202211 + 2?
202213
In base 13, what is -1 - 2bc?
-2c0
In base 15, what is -19 - 3?
-1c
In base 5, what is 20 - 32?
-12
In base 13, what is -6891 + 4?
-688a
In base 15, what is 4 + 53?
57
In base 13, what is -a25 - 5?
-a2a
In base 2, what is 100101100 - 0?
100101100
In base 10, what is 26 + -7?
19
In base 2, what is -11 - 101011?
-101110
In base 10, what is 4 - -105?
109
In base 16, what is 22 - b?
17
In base 4, what is 20300 + 110?
21010
In base 8, what is -156 + -15?
-173
In base 7, what is 34 - -35?
102
In base 5, what is 21320 - 3?
21312
In base 11, what is 1aa + -44?
166
In base 3, what is -1 + 2110?
2102
In base 5, what is 104 - -2?
111
In base 9, what is -13 + 337?
324
In base 8, what is -2222 + 5?
-2215
In base 2, what is -11 - -101101110?
101101011
In base 14, what is 5 + 184?
189
In base 15, what is 10d + 14?
122
In base 11, what is -90 - -5?
-86
In base 13, what is 34 + 5?
39
In base 8, what is 4 + 422?
426
In base 14, what is -6 - 1a4?
-1aa
In base 3, what is 121021 + 2?
121100
In base 11, what is 23 - 2?
21
In base 6, what is -1424 + -5?
-1433
In base 3, what is 0 - -11?
11
In base 7, what is -25602 + -2?
-25604
In base 2, what is 100 - 11010?
-10110
In base 11, what is 8 + -111?
-104
In base 2, what is -1011 - -10001001?
1111110
In base 10, what is -27 - -7?
-20
In base 6, what is -4 - 31?
-35
In base 8, what is -16 + -21?
-37
In base 14, what is 2 + c9d?
ca1
In base 15, what is b - -39?
45
In base 15, what is -4db - 1?
-4dc
In base 9, what is -1 - -2862?
2861
In base 5, what is -322 + 3?
-314
In base 12, what is 1 + 19b9?
19ba
In base 5, what is 2 + -10214?
-10212
In base 14, what is -5 + -560?
-565
In base 13, what is -21c - 1b?
-23a
In base 5, what is 1002 - 3?
444
In base 6, what is 2232 - -11?
2243
In base 6, what is -5 - -135?
130
In base 7, what is -20 + -50?
-100
In base 6, what is -12 + 1?
-11
In base 11, what is -8706 - -4?
-8702
In base 7, what is 1 - 133?
-132
In base 6, what is -523 - 3?
-530
In base 8, what is 4 - -152?
156
In base 4, what is -1113 - 1?
-1120
In base 14, what is 0 - 15?
-15
In base 4, what is 1 + 23031?
23032
In base 13, what is 1 - 19?
-18
In base 8, what is -11 - -5?
-4
In base 6, what is 45241 - -5?
45250
In base 6, what is -3 + -125?
-132
In base 6, what is 1405 + 0?
1405
In base 12, what is -5 + -1019?
-1022
In base 2, what is 1101101000010 - -1?
1101101000011
In base 2, what is -100 + 100001?
11101
In base 2, what is -1010100111 + -10?
-1010101001
In base 13, what is -7212 + 5?
-720a
In base 7, what is 21 - 15?
3
In base 16, what is -5f + 37?
-28
In base 15, what is 3 + 3c?
40
In base 10, what is -51 + -10?
-61
In base 9, what is 24 + -3?
21
In base 16, what is 1 - -ed?
ee
In base 16, what is 2af + -5?
2aa
In base 15, what is d5 + -5?
d0
In base 9, what is -1 + -2?
-3
In base 5, what is -21 - -1020?
444
In base 13, what is 4 + -c?
-8
In base 13, what is 8b0 - -5?
8b5
In base 9, what is -2 + -501?
-503
In base 8, what is -1 + -3?
-4
In base 6, what is 1 + 102312?
102313
In base 12, what is 214 + 4?
218
In base 12, what is 70 + -3?
69
In base 2, what is 1001101 - -101?
1010010
In base 8, what is -5 + -13764?
-13771
In base 6, what is -142 - 2?
-144
In base 7, what is 4 + -6?
-2
In base 9, what is -5487 + 4?
-5483
In base 7, what is -2 - 361?
-363
In base 12, what is 5 + 1386?
138b
In base 14, what is 22 - 25?
-3
In base 8, what is -10 + -133?
-143
In base 5, what is 4 - 14210?
-14201
In base 5, what is -320232 - 1?
-320233
In base 12, what is -6b - 2?
-71
In base 12, what is 97 + 1?
98
In base 3, what is 12102 - -10200?
100002
In base 3, what is -100011 - -10?
-100001
In base 7, what is -3 - 125?
-131
In base 15, what is 5 - -1c?
22
In base 4, what is 3 - 20113?
-20110
In base 5, what is -33 - 3?
-41
In base 3, what is -1 - -2120202?
2120201
In base 16, what is a + 7?
11
In base 14, what is -1 - 229?
-22a
In base 14, what is -5 + 7?
2
In base 9, what is 11 - 7?
3
In base 10, what is -6453 - 3?
-6456
In base 4, what is 12 - 10211?
-10133
In base 6, what is 0 + 212?
212
In base 13, what is 53a - -9?
546
In base 4, what is 33 - 210201?
-210102
In base 9, what is -1 - 4?
-5
In base 2, what is -10010100 - 1?
-10010101
In base 4, what is -11 - -12210?
12133
In base 6, what is 1 - 145?
-144
In base 7, what is -1333 - 3?
-1336
In base 12, what is a3 - 9?
96
In base 9, what is 47 + -11?
36
In base 2, what is -10011 - 0?
-10011
In base 12, what is -19 - -4?
-15
In base 14, what is -15 - 33?
-48
In base 12, what is 3 + -1973?
-1970
In base 13, what is -20b + -5?
-213
In base 7, what is 1 + 336?
340
In base 11, what is -3 + -24?
-27
In base 3, what is -11 - -112100?
112012
In base 14, what is -2d - 4?
-33
In base 12, what is -3 + -15?
-18
In base 3, what is 12 + 1?
20
In base 15, what is -5 - -1?
-4
In base 11, what is 51 - 5?
47
In base 14, what is -cb + -1?
-cc
In base 16, what is -7 + -10c?
-113
In base 10, what is 0 - 98?
-98
In base 15, what is 68 - 5?
63
In base 4, what is 20301 - -11?
20312
